x?
7
Suppose j + 0*g - 22 = 4*g, -3*g = 5*j - 110. Suppose -36*r - 2 = -35*r. Let o = r - -14. Calculate the remainder when j is divided by o.
10
Let b(j) = -37*j**2 + 696*j + 9. Calculate the remainder when b(18) is divided by 235.
79
What is the remainder when 777 is divided by (-3)/(-10) - (-180612)/1160?
153
Suppose -23*u + 400 - 280 = -4*x, -2*x - 4*u = -126. Suppose -5*t - 195 = -3*o, 4*o + 3*t - 283 = 2*t. What is the remainder when o is divided by x?
31
Let r = -10736 - -10752. What is the remainder when 355 is divided by r?
3
Let m(q) = -3*q**2 - 20*q + 7. Let c be m(-10). Calculate the remainder when 5 - 2 - (0/(-7) + c) is divided by 7.
5
Suppose 147 = -205*j + 208*j. Calculate the remainder when 285 is divided by j.
40
Suppose -4*x + 3105 = 65*x. Calculate the remainder when 2023 is divided by x.
43
Suppose -9*k + 68 - 14 = 0. Calculate the remainder when 1244/24 - (-3 + 17/k) is divided by (-6)/(-4)*12*1.
16
Calculate the remainder when 422 is divided by 12*84/(-432) - (-1 - 97/3).
19
Suppose -y - 5*m = -3*m - 57, 5*m = -4*y + 213. Let v = -11 + y. Calculate the remainder when 10/(-12)*-3 - 21/(-12)*58 is divided by v.
32
Suppose 4*y - 10 = 4*j + 2, 25 = 5*y - 3*j. Suppose y*g = -g + 45. Suppose -4*n = -g - 3. What is the remainder when n is divided by 1?
0
Suppose -32 = 3*a - 104. Calculate the remainder when 325 is divided by a.
13
Suppose 2*j + 0*j = 10. Suppose 5*i - 5 = j. What is the remainder when (-207)/(-115) - (-234)/45 is divided by i?
1
Suppose 0*x = 5*x - 385. Let w = 63 + -94. Let v = 51 + w. What is the remainder when x is divided by v?
17
Let m(l) be the second derivative of 11*l**3/3 - 24*l**2 - 9*l + 1. What is the remainder when m(6) is divided by 11?
7
Let o = 2404 + 1687. Calculate the remainder when o is divided by 132.
131
Suppose 5*o - 24 - 126 = 0. Calculate the remainder when ((-22)/(-55))/((-2)/o) - -327 is divided by 25.
21
Let b = -3515 - -3534. Calculate the remainder when 92 is divided by b.
16
Let n(p) = p**2 - 78*p - 4. Let l(z) = 39*z + 3. Let j(b) = -9*l(b) - 4*n(b). What is the remainder when 111 is divided by j(-9)?
15
Suppose -3*j + 2*j + 15 = -2*m, -4*j + 2*m = -78. Suppose 123 = j*v - 171. Calculate the remainder when 55 is divided by v.
13
Suppose -50*i + 180 = -49*i. Calculate the remainder when i is divided by 60.
0
Let c(r) = -2*r**2 + 157*r + 390. What is the remainder when c(78) is divided by 104?
52
Let u = -12107 - -22503. Calculate the remainder when u is divided by 130.
126
Let b = -24 + 38. Calculate the remainder when 60 is divided by (-637)/(-26) + b/4.
4
Suppose 3*o = 4*p + 432, 3*p + o + 2*o = -303. Let y = -72 - p. Let q = 4538 + -4526. What is the remainder when y is divided by q?
9
Suppose 0 = -4*p - 16, t = -p + 17 - 3. Suppose -6592 = -43*b + 35*b. Let a = -717 + b. Calculate the remainder when a is divided by t.
17
Suppose s - 6 = -2*s. Suppose -2*x = c + s*x - 22, -c + 18 = 2*x. Suppose 18*n - 1254 = -282. Calculate the remainder when n is divided by c.
12
Suppose 5*n + b - 78 = 0, -n = -0*n - 5*b. Let s = 17 + n. Suppose -399*f - 2041 = -412*f. What is the remainder when f is divided by s?
29
Let d = 492 - 364. Suppose -d = 21*k - 590. Calculate the remainder when 130 is divided by k.
20
Let y(k) = -11*k - 78. Let b be y(-11). Suppose -u + 5*a + b = 0, -5*u + 3*a - 5*a + 80 = 0. What is the remainder when u is divided by 5?
3
Let n be -12*(-30)/(-160)*(2 + -30). Suppose 2*o - 2*a = 3*o - 33, 2*o = -a + n. Calculate the remainder when 53 is divided by o.
22
Calculate the remainder when 516 is divided by 5684/132 - 20/330.
0
Suppose g - 46 = -4*t - g, 2*t - 3*g - 11 = 0. Suppose 0 = -t*b - 264 + 3934. Suppose -181 = -4*o + b. What is the remainder when o is divided by 20?
17
Suppose 5*z - 951 = -2*m, -4*m - z = -791 - 1084. What is the remainder when m is divided by 95?
88
Suppose -62 - 91 = -24*s + 495. What is the remainder when 2453 is divided by s?
23
Suppose 0 = k + k - 16. Let x(m) = -m**3 - 18*m**2 + 5*m + 30. Let b be x(-18). What is the remainder when (b/(-70))/((-12)/(-280)) is divided by k?
4
Let k(j) = 127*j - 1393. Calculate the remainder when 1798 is divided by k(11).
2
Let v = 3066 + -3053. Let c(t) = 2*t**3 + 4*t**2 + 3. Let f be c(-3). Calculate the remainder when v is divided by ((-9)/f)/(1/5).
1
Calculate the remainder when ((-21)/14)/(7/(-266))*15 is divided by 54.
45
Let j = 112 + -64. Let s be 79*(0 - (-2 - -1)). Let i = 96 - s. What is the remainder when j is divided by i?
14
Suppose -31900 = -16*x - 28*x. Suppose 5*w - w - 2*l - 960 = 0, 4*l + x = 3*w. Calculate the remainder when w is divided by 62.
53
Suppose 5*n - 27 = 5*b - 572, 2*b - 230 = -2*n. Let l = -11 + b. Suppose -3*s + 6*o = 8*o - l, -5*o - 10 = 0. Calculate the remainder when s is divided by 12.
11
Let j(o) = 4*o**2 - 366*o - 4455. What is the remainder when j(-11) is divided by 1 + -1 + 7 + 0?
6
Let n(s) = s**3 - 21*s**2 + s - 14. Let y be n(21). Suppose 3*k = -y*k + 1090. What is the remainder when k is divided by 22?
21
Suppose 0 = -18*f + 13*f + 265. Let c be 4/(-14) + (5 - 1408/(-28)). Suppose 0 = 88*a - 83*a - c. What is the remainder when f is divided by a?
9
Suppose 4*h - 4*f = 100, -15*h + 13*h - 4*f = -68. Let g(p) = -p**3 + 11*p**2 - 5*p - 5. Calculate the remainder when g(5) is divided by h.
8
Let h(s) = 12*s**2 + 31*s - 255. Calculate the remainder when h(8) is divided by 191.
188
Let s(k) = 33*k + 912. Calculate the remainder when 1967 is divided by s(-27).
14
Suppose -10 = -3*h - 103. Let i = h - -34. Suppose -96 = i*v - 11*v. What is the remainder when 31 is divided by v?
7
Let k = 107 + -99. Suppose 0 = -k*o - 170 + 50. Calculate the remainder when 40 is divided by ((-24)/(-10))/((-6)/o).
4
Suppose -4*a = -a + 6. What is the remainder when 312 is divided by 1680/(-32)*a/1?
102
Let p = 34 + -36. Let u be (-2)/2 - (5 - 5)/p. Let x = u - -13. What is the remainder when 35 is divided by x?
11
Let t = 3 - -3. Let h(b) be the third derivative of -5*b**4/12 + 7*b**3/6 + 17*b**2. What is the remainder when h(-5) is divided by t?
3
Suppose 5*o + 53 - 237 = -3*j, -3*j - 6 = 0. Calculate the remainder when 186 is divided by o.
34
Let l(s) = -3*s + 10. Let u(d) = -d**3 + 6*d**2 + 8*d - 7. Let n be u(7). Calculate the remainder when l(-11) is divided by 2/4*(-3 + 25 + n).
10
Let n(s) = -5*s**3 + 87*s**2 - 103*s + 12. What is the remainder when n(16) is divided by 123?
33
Suppose 0 = 4*u + 4*a + a - 21, -2*u = -5*a - 3. Suppose 2*y - u = -0. Let o = 5 + y. Calculate the remainder when 17 is divided by o.
3
Let x(r) = -r**3 - 13*r**2 - 9*r + 21. Let i be x(-12). Calculate the remainder when 26 is divided by (i/24)/(-5) + 315/40.
2
Suppose 2*o - 200 = -3*n - 2*o, -4*n + 3*o = -275. Let u = -51 + n. Calculate the remainder when u is divided by (9/((-9)/2))/((-6)/15).
2
Suppose x - 4*f = 858 - 224, 4*x - 3*f = 2497. Calculate the remainder when x is divided by 7.
6
Let k be (-1 - (-20)/6) + (-7)/21. Suppose 0 = k*z - 146 + 128. What is the remainder when 17 is divided by z?
8
Suppose 4*t = -7*q + 5*q + 106, 52 = 3*t - 4*q. What is the remainder when 3381 is divided by t?
21
Suppose 3*z - 85*l - 486 = -82*l, -526 = -3*z - 5*l. Calculate the remainder when z is divided by 64/(-20)*10/(-1) - -3.
27
Let c = -3119 - -3142. What is the remainder when 49 - (2 + 2)*-1 is divided by c?
7
Let i = 113 + -17. Suppose -3*u = -4*l + 116, 13*u - 11*u = -l + 18. What is the remainder when i is divided by l?
18
Let w(g) = -g - 13. Let z = -22 + 18. Let v be w(z). Calculate the remainder when (27/v)/((-6)/20) is divided by 8.
2
Let s(f) = 149*f**3 - f**2 + 3*f - 1. Let q be s(1). Let y be q*(0 - -1) + 1 - -2. Suppose d + 2*d = y. What is the remainder when d is divided by 18?
15
Let d(u) = -u**2 + 22*u - 19. Suppose -6*v = -11*v - 10, -v = 3*j - 28. What is the remainder when d(j) is divided by 21?
17
Suppose 0 = -6*d + 450 + 546. What is the remainder when d is divided by (0 + -3 - -11) + -1?
5
Suppose -4*t + 948 = q, t = -4*q + 291 - 39. Let r = -99 + t. Calculate the remainder when r is divided by 42.
11
Let q(m) = -m**3 + 35*m**2 - 72*m + 41. Let h be q(33). Let w = -96 - h. Calculate the remainder when w is divided by 17.
10
Suppose 252*b = 264*b - 11820. Calculate the remainder when b is div